alculate the remainder when 8189 is divided by 2528.
605
Calculate the remainder when 640073 is divided by 49236.
5
What is the remainder when 410 is divided by 226?
184
What is the remainder when 76628 is divided by 105?
83
Calculate the remainder when 130562 is divided by 801.
800
What is the remainder when 393 is divided by 9?
6
What is the remainder when 23510 is divided by 66?
14
Calculate the remainder when 9330 is divided by 1550.
30
What is the remainder when 6908 is divided by 775?
708
Calculate the remainder when 1181 is divided by 31.
3
Calculate the remainder when 59763 is divided by 5432.
11
Calculate the remainder when 1344 is divided by 912.
432
Calculate the remainder when 1101 is divided by 1063.
38
Calculate the remainder when 1571 is divided by 95.
51
What is the remainder when 4567 is divided by 460?
427
Calculate the remainder when 146873 is divided by 272.
265
What is the remainder when 7428 is divided by 571?
5
Calculate the remainder when 142 is divided by 45.
7
Calculate the remainder when 388244 is divided by 33.
32
Calculate the remainder when 290119 is divided by 10.
9
What is the remainder when 4276046 is divided by 31?
30
Calculate the remainder when 67823 is divided by 1384.
7
Calculate the remainder when 2551 is divided by 894.
763
Calculate the remainder when 435 is divided by 371.
64
Calculate the remainder when 268 is divided by 128.
12
What is the remainder when 249525 is divided by 697?
696
What is the remainder when 2035 is divided by 638?
121
What is the remainder when 74083 is divided by 1516?
1315
Calculate the remainder when 30717 is divided by 269.
51
Calculate the remainder when 931 is divided by 35.
21
What is the remainder when 10761 is divided by 566?
7
Calculate the remainder when 15026 is divided by 811.
428
What is the remainder when 68211 is divided by 1069?
864
What is the remainder when 67604 is divided by 5?
4
What is the remainder when 89293 is divided by 893?
886
Calculate the remainder when 3413 is divided by 68.
13
Calculate the remainder when 17859 is divided by 283.
30
What is the remainder when 233 is divided by 165?
68
Calculate the remainder when 1767 is divided by 1528.
239
Calculate the remainder when 544695 is divided by 13.
8
Calculate the remainder when 2667 is divided by 69.
45
What is the remainder when 6201 is divided by 151?
10
Calculate the remainder when 3024844 is divided by 99.
97
Calculate the remainder when 4733 is divided by 1571.
20
What is the remainder when 4830 is divided by 16?
14
Calculate the remainder when 10612 is divided by 1030.
312
What is the remainder when 12897 is divided by 18?
9
What is the remainder when 6333 is divided by 458?
379
Calculate the remainder when 24636 is divided by 80.
76
Calculate the remainder when 2582 is divided by 368.
6
Calculate the remainder when 2347721 is divided by 58.
55
What is the remainder when 1777 is divided by 532?
181
What is the remainder when 1118 is divided by 895?
223
Calculate the remainder when 1351737 is divided by 65.
62
What is the remainder when 25648 is divided by 2554?
108
Calculate the remainder when 3341 is divided by 1586.
169
Calculate the remainder when 774890 is divided by 537.
536
What is the remainder when 92717 is divided by 190?
187
What is the remainder when 697 is divided by 345?
7
What is the remainder when 13315 is divided by 4408?
91
Calculate the remainder when 15388 is divided by 62.
12
What is the remainder when 1361 is divided by 1360?
1
What is the remainder when 11061 is divided by 3424?
789
What is the remainder when 5255 is divided by 1586?
497
What is the remainder when 4339 is divided by 13?
10
What is the remainder when 11649 is divided by 3875?
24
Calculate the remainder when 7624 is divided by 7616.
8
Calculate the remainder when 35834 is divided by 289.
287
What is the remainder when 1648 is divided by 158?
68
Calculate the remainder when 207914 is divided by 19.
16
Calculate the remainder when 5613 is divided by 816.
717
Calculate the remainder when 26095 is divided by 65.
30
Calculate the remainder when 57811 is divided by 237.
220
Calculate the remainder when 120838 is divided by 136.
70
Calculate the remainder when 3097224 is divided by 46.
44
Calculate the remainder when 23477 is divided by 195.
77
Calculate the remainder when 10706 is divided by 10702.
4
What is the remainder when 10603 is divided by 14?
5
Calculate the remainder when 9704 is divided by 641.
89
Calculate the remainder when 2235874 is divided by 9555.
4
What is the remainder when 589582 is divided by 1136?
1134
What is the remainder when 90453 is divided by 22608?
21
Calculate the remainder when 6059 is divided by 1513.
7
What is the remainder when 123717 is divided by 176?
165
What is the remainder when 17406 is divided by 696?
6
Calculate the remainder when 2278 is divided by 43.
42
What is the remainder when 69243 is divided by 541?
536
Calculate the remainder when 9850 is divided by 82.
10
Calculate the remainder when 104001 is divided by 20799.
6
What is the remainder when 12950 is divided by 96?
86
Calculate the remainder when 16315 is divided by 72.
43
What is the remainder when 505 is divided by 171?
163
What is the remainder when 21190 is divided by 92?
30
Calculate the remainder when 275 is divided by 50.
25
Calculate the remainder when 1969 is divided by 291.
223
Calculate the remainder when 3166 is divided by 511.
100
Calculate the remainder when 10349 is divided by 115.
114
Calculate the remainder when 171416 is divided by 189.
182
What is the remainder when 1009 is divided by 144?
1
What is the remainder when 31077 is divided by 24?
21
Calculate the remainder when 57634 is divided by 9.
7
Calculate the remainder when 6159 is divided by 101.
99
Calculate the remainder when 3613 is divided by 1060.
433
What is the remainder when 3165 is divided by 83?
11
Calculate the remainder when 44258 is divided by 1029.
11
What is the remainder when 4422 is divided by 103?
96
Calculate the remainder when 302034 is divided by 92.
90
Calculate the remainder when 15847 is divided by 1211.
104
What is the remainder when 42075 is divided by 106?
99
Calculate the remainder when 1445 is divided by 710.
25
What is the remainder when 31982 is divided by 6393?
17
Calculate the remainder when 1129788 is divided by 225956.
8
What is the remainder when 1618717 is divided by 40?
37
Calculate the remainder when 1276 is divided by 1017.
259
Calculate the remainder when 421 is divided by 6.
1
What is the remainder when 1861 is divided by 162?
79
Calculate the remainder when 6743 is divided by 25.
18
What is the remainder when 166867 is divided by 192?
19
What is the remainder when 4130 is divided by 180?
170
Calculate the remainder when 156523 is divided by 413.
409
What is the remainder when 863667 is divided by 431827?
13
What is the remainder when 78847 is divided by 224?
223
Calculate the remainder when 10137 is divided by 5066.
5
Calculate the remainder when 22304 is divided by 2476.
20
Calculate the remainder when 3878 is divided by 55.
28
What is the remainder when 1490 is divided by 501?
488
Calculate the remainder when 34329 is divided by 95.
34
Calculate the remainder when 2654 is divided by 288.
62
Calculate the remainder when 75550 is divided by 478.
26
Calculate the remainder when 6853 is divided by 1356.
73
Calculate the remainder when 879 is divided by 345.
189
What is the remainder when 5030 is divided by 717?
11
Calculate the remainder when 427345 is divided by 23741.
7
Calculate the remainder when 75731 is divided by 1646.
15
Calculate the remainder when 37331 is divided by 655.
651
What is the remainder when 6256 is divided by 35?
26
What is the remainder when 4593 is divided by 459?
3
What is the remainder when 16819 is divided by 32?
19
Calculate the remainder when 4919697 is divided by 713.
710
Calculate the remainder when 4171 is divided by 67.
17
What is the remainder when 6543 is divided by 1083?
45
What is the remainder when 137484 is divided by 314?
266
What is the remainder when 47593 is divided by 3965?
13
Calculate the remainder when 4981 is divided by 695.
116
Calculate the remainder when 39362 is divided by 68.
58
Calculate the remainder when 5610 is divided by 565.
525
What is the r